2*v = -16. Let o be k/(7 - -2)*6. Determine r(o).
2
Let t(v) be the first derivative of -v**2 + 0*v - 1/3*v**3 - 22. What is t(-2)?
0
Let r(n) be the second derivative of n**3/6 - n**2 + 2*n - 10. What is r(8)?
6
Let r(m) = 3 - 2*m - 3. Let s(v) = -6*v + 64. Let j be s(10). What is r(j)?
-8
Let s(j) = -j**3 - 4*j**2 - 3*j - 5. Let l(q) = 6*q + 2. Let u be l(3). Let k = 16 - u. Calculate s(k).
7
Let g(u) = 9*u + 297 - 19*u - 283 + u**2. Calculate g(8).
-2
Let v(t) = -1. Suppose 0 = 2*b - 4*k - 10, 0 = -5*b + 2*k - 0*k + 1. Let n(g) = 3*g. Let p(l) = b*n(l) + 5*v(l). Calculate p(-6).
13
Let f(n) be the third derivative of -n**4/24 + 7*n**3/3 - 2*n**2 + 15*n. What is f(8)?
6
Let z(t) = 2*t**3 - 14*t**2 + 15*t - 1. Let s(o) = o**3 - 7*o**2 + 8*o. Let y(i) = 11*s(i) - 6*z(i). Give y(7).
-8
Suppose 4*t - 37 = -q - 29, 5*q + 2*t - 4 = 0. Let m(g) = 2*g - 9. Calculate m(q).
-9
Let z(u) = u**2 - 6*u - 11. Suppose -y - 2 = -v - 8, -3*y - 2*v = -23. Let g(t) = -t**2 + 5*t + 10. Let w(a) = y*g(a) + 6*z(a). Determine w(-3).
-2
Let c(h) be the third derivative of -h**5/60 - 3*h**4/8 - 4*h**3/3 + 162*h**2. Let i be (13 - 4)*6/(-9). Give c(i).
10
Let v(t) = -t**2 + t. Let i(m) = 6*m**2 - 2*m - 13. Let k(n) = i(n) + 5*v(n). Let g be k(-6). Let d(j) = -j**2 + 6*j - 7. What is d(g)?
-2
Let o(g) = 2*g**3 + 4*g**2 + 3. Suppose 2*n = 2, -24 = -3*l + n + 2*n. Let r(j) = -j + 6. Let f be r(l). Calculate o(f).
-15
Let x(c) = c**3 + c**2 + c - 3. Let d = -8 - -3. Let w be ((-3)/9)/(d/15). Let q = 1 - w. Give x(q).
-3
Let s be (-9)/(-9) + 2 + -9. Let x(r) = -r**2 - 7*r + 3. What is x(s)?
9
Suppose -2*g + 55 = 5*t, -44 = 147*t - 151*t - 5*g. Let y(f) = f - 10. Determine y(t).
1
Let i(o) = 4*o**2 - 5*o + 5. Let k(v) = v**2 + v - 1. Let q(n) = i(n) - 3*k(n). Let x be q(7). Let g(h) = 1 + 34*h - 33*h + x. Give g(4).
6
Suppose 60*z - 54*z + 30 = 0. Let l(a) = -a**2 - a - 1. Let b(m) = m**3 + m**2 - 2*m - 10. Let r(g) = -b(g) + 5*l(g). What is r(z)?
-5
Let h(q) be the third derivative of -q**8/20160 - q**7/840 - q**6/144 - q**5/20 - 2*q**2. Let l(s) be the third derivative of h(s). Give l(-4).
3
Let g(i) = 0*i + 6*i - 2*i - 7*i + 1 + 4*i. Give g(-5).
-4
Let g(s) = -s - 3. Suppose -5*p + 340 = -5*u, 0 = -4*p + 2*p - u + 124. Let o = p - 64. Calculate g(o).
-3
Let p be (6/7)/(3/21). Let x(m) = -1 + 3*m + p - m + 2. Let k be ((-15)/(-6))/(2/(-4)). What is x(k)?
-3
Let h(n) = -n**3 - 3*n**2 + 3*n + 1. Let f = -1412 - -1409. Calculate h(f).
-8
Suppose -16 + 2 = -7*v. Let z(o) = -2*o**2 - 14*o - 7. Let a(p) = -p**2 - 7*p - 4. Let j(c) = v*z(c) - 5*a(c). Determine j(-6).
0
Let f(v) = 2*v**2 + 2*v + 1. Let s(u) = -u - 12. Suppose -3*l - 17 = -2*l + p, p = -5*l - 77. Let m = 5 + l. Let r be s(m). Determine f(r).
5
Let g be -4 + (1 - 1)/(1 + 1). Let r be -3*6/(8/g). Let v(m) = -m + 12. What is v(r)?
3
Let y(q) be the first derivative of -40 + 5/2*q**2 + 4/3*q**3 + 6*q + 1/4*q**4. What is y(-4)?
-14
Let m(c) = 5*c + 2. Let y(n) = 9*n - 3. Let p(h) = -2*m(h) + y(h). Calculate p(10).
-17
Let o(b) = b**2 - b - 4. Suppose -7*a = -14*a - 21. Let c be 5/(-10) + (-22)/4. Let l = c - a. Calculate o(l).
8
Suppose 13 = -5*b - 22. Let u(c) = -111 - 2*c - 70 + 173. What is u(b)?
6
Let y = 16 - 13. Let n(g) = 2*g**2 - 3*g - 4. Let v be n(y). Suppose 10*t - v*t - 25 = 0. Let x(u) = -u**2 + 6*u + 1. Determine x(t).
6
Let o(b) be the first derivative of -b**3/3 - b**2/2 - 8*b - 27. Give o(0).
-8
Let t(h) = -h - 6. Let y(f) = -f**2 - 19*f - 8. Let n be y(-9). Let k = n + -58. Let s = 24 - k. Give t(s).
-6
Let m(c) = -c**3 - c**2 + c. Let q(a) = -a**3 + 7*a**2 + 7*a + 6. Let s be q(8). Calculate m(s).
2
Let l(j) = j**2 - 2. Let t be l(-2). Let n(c) = 12*c**t - 2*c + 6*c - 13*c**2 + 3 - 1. Let a be 0 - (-3)/((-3)/(-3)). What is n(a)?
5
Suppose 5*p = -4*l - 15, 2*l = -3*p - 0 - 7. Let x(h) = -14*h**3 - 1. What is x(p)?
-15
Let f(o) be the third derivative of 0 + 24*o**2 + 1/2*o**3 + 1/8*o**4 + 0*o. Calculate f(-2).
-3
Let u(s) = -s**2 - s + 1. Let g be 6/(-2) - 6/(-3). Let x(r) = 5*r**2 + 13*r - 1. Let d(w) = g*x(w) - 6*u(w). Determine d(6).
-11
Let k be (60/(-80))/((-3)/(-12)). Let o(u) = -6*u**2 - 3*u - 1. Determine o(k).
-46
Let f(h) = -2*h**2 - 3 - 783*h**3 + 784*h**3 - 8*h - 3*h**2. Suppose -32 - 39 = -4*k - 3*z, k - 8 = -4*z. Suppose -5*v + k = -10. Calculate f(v).
-15
Let n(c) be the third derivative of c**5/60 + c**4/12 + 3*c**2 - 9. Suppose 1 = 2*o + 5. Calculate n(o).
0
Let u = -3 - 0. Let c = -31 - -33. Let d(b) = b**c + 3*b - 3 - b + 0*b. Calculate d(u).
0
Suppose 2 = 5*h - 28. Suppose -3*p + 9 = -5*u, 3*p + 4*u = 5*p - h. Let z(g) = 3*g. Calculate z(p).
9
Let i = -115 - -115. Let m(r) = r**2 - r + 1. Give m(i).
1
Let i(p) = -2*p**2 + 13*p + 6. Let f be i(6). Let y(v) = 1 + 0*v - f*v**2 - 7*v + 10*v**2. What is y(-5)?
-14
Suppose 4*g + 78 = 118. Let k(y) = -4*y + 4. Let x(u) = -7*u + 8. Let q(a) = -5*k(a) + 3*x(a). What is q(g)?
-6
Let m be (-28)/(-5) - (8 + (-252)/30). Let o(z) = z**3 - 7*z**2 + 9*z - 6. Determine o(m).
12
Let t(q) = -q**2 - 13*q - 11. Let y(x) = -15*x**3 + 4*x**2 - x - 6. Let w(i) = -i**3 + i**2 - 1. Let p(n) = 4*w(n) - y(n). Let j be p(-1). Determine t(j).
19
Let o = 70 - 70. Let n(r) = r**3 - r**2 + r + 7. Calculate n(o).
7
Let s(n) = 157 + 5*n + 170 + n**2 - 339. Determine s(-5).
-12
Let a(j) = -22*j - 22*j + 74*j - 14*j - 24 - 19*j. What is a(-10)?
6
Let a(j) = 5*j**2 + j - 4*j**2 - j - j - 1. Let s(y) = 7*y**2 - 6*y - 13. Let c(n) = -6*a(n) + s(n). Let x = -1 - -1. Calculate c(x).
-7
Let h(q) be the third derivative of -q**6/90 - q**5/120 + 5*q**4/6 - 20*q**2. Let z(i) be the second derivative of h(i). What is z(1)?
-9
Let s(m) = -m**3 - 2*m**2. Suppose -1512*a + 1505*a - 14 = 0. Give s(a).
0
Let k(a) = -a**2 - 22*a - 1. Let f(s) = -2*s**2 - 46*s + 4. Let n(p) = 4*f(p) - 9*k(p). What is n(-11)?
-8
Let m be 9/15 + 147/105. Let n(o) be the first derivative of -7/3*o**3 - 1/2*o**m - 6 + o + 1/4*o**4. Give n(7).
-6
Let w(m) = -4*m**2 - 6*m**2 + 11*m**2 + 0*m**2 + 9*m. What is w(-9)?
0
Let v(i) = -i + 7. Let g(c) = 7 - 11*c + 14*c + 28. Let p be g(-10). Give v(p).
2
Let q(r) = r**3 - 3*r**2 - 4*r + 2. Let y(z) = -4*z - 20. Let k(p) = -p**3 - 7*p**2 - p - 13. Let m be k(-7). Let u be y(m). Give q(u).
2
Let k(i) be the third derivative of -i**6/180 - i**5/40 - i**4/24 + 11*i**3/6 + 9*i**2. Let m(l) be the first derivative of k(l). What is m(-2)?
-3
Suppose -7*k - 78 = -8. Let h(p) = 5*p**2 + p**3 - 14 + 6*p**2 + 11*p - 2*p. Give h(k).
-4
Let l(q) = -5*q**3 - 20*q**2 + 6*q - 1. Let c(j) = 3*j**3 + 13*j**2 - 4*j + 1. Let d(w) = -8*c(w) - 5*l(w). Suppose -a = 3, -5*a - 1 = 4*z + 6. Determine d(z).
-7
Let h be 18/10 + 3/15. Let o(y) = 3*y + 0 - 2 + y - 3*y**h - y**3 + 4. Let c(m) = m**2 - 5*m - 3. Let d be c(5). Determine o(d).
-10
Let q(g) = -g**3 + 6*g**2 + 8*g - 7. Let f(h) = h**2 - 18*h + 88. Let t be f(9). Calculate q(t).
0
Let n(i) = -3*i**2 - 2*i + 2. Let t(x) = -2*x**3 + x**3 + 6*x + 1 - x**2 + 2 - 5. Let b be t(-3). Give n(b).
-6
Let t(g) = g**3 + 6*g**2 + 4*g - 3. Let y be t(-5). Let i(s) = 2*s**2 - 19*s + 6. Let f(k) = -k**2 + 9*k - 3. Let n(v) = 9*f(v) + 4*i(v). Determine n(y).
3
Let o(x) = x - 2. Let q(j) = -3*j + 7. Let b(i) = 7*o(i) + 2*q(i). Determine b(5).
5
Let v = -22 - -57. Let z = -40 + v. Let k(a) = -2*a - 5. Give k(z).
5
Let u(m) be the first derivative of -m**3 + m**2 + 2*m - 1. Let y = 2863 + -2860. What is u(y)?
-19
Let b(v) = -4*v + 6. Let l(g) = -3*g + 3. Let z(w) = -2*b(w) + 5*l(w). Determine z(-6).
45
Let p be (1 - 0)/(1/(-4)). Let s(h) be the third derivative of 0*h - 5/6*h**3 + 1/60*h**5 + 0 + 1/12*h**4 - 9*h**2. Calculate s(p).
3
Let a(l) = -l**2 - 2*l + 4. Let y(z) = -z**3 + 7*z**2 - 6*z + 4. Let d be y(6). Suppose -32 = 9*u + d. Calculate a(u).
-4
Let q = -1097 - -1104. Let b(l) = l**3 - 11*l**2 + 7*l - 3. Let p(r) = r**3 - 10*r**2 + 7*r - 2. Let a(i) = 2*b(i) - 3*p(i). Determine a(q).
0
Let a = 9 - 4. Let c(x) = -x**3 + 9*x**2 - 2*x - 2. Let g(k) = -k**3 + 11*k**2 - 2*k - 2. Let f(w) = -3*c(w) + 2*g(w). Calculate f(a).
12
Let c = 1569 - 1562. Let t(g) = -2*g**2 + 9*g + 3. Give t(c).
-32
Let x be 1485/675 + ((-16)/(-10))/2. Let l(d) be the second derivative of 5*d - 1/6*d**x - 1/2*d**2 + 0. Give l(2).
-3
Let s be (32/(-12))/4*-3. Suppose -s*c